+ 5 + -15 - (-56 + 30).
22
What is the value of 0 + 3 + (32 - 22)?
13
Evaluate -14 + (21 + -27 - -29).
9
(0 - -5) + (-19 - (-19 + 10 + -3))
-2
What is the value of -17 + 2 + (-418 - -436)?
3
What is the value of (-28 - (9 + -65)) + -32?
-4
What is (-1 - 1 - (-31 - -50)) + 39 + -40?
-22
What is 20 + (54 - (6 + 29))?
39
What is the value of 4 - -15 - (63 + -48)?
4
Calculate 23 + -15 + -17 + 4.
-5
What is the value of -7 + -19 + 27 + -20?
-19
Calculate -4 - (9 + 1 - ((-44 - -55) + -3)).
-6
What is the value of -10 + (-10 - -27 - 10 - -10)?
7
Evaluate -8 + (-3 + 3 - (3 - 6)) + -24.
-29
What is the value of (17 - 2) + -7 + 9 + -8?
9
What is 1 + 1 - (-345 - -352)?
-5
What is the value of -1 + (10 + -15 - -1) - -1?
-4
Evaluate 218 - 205 - (1 - -1).
11
Evaluate 11 - (21 + -15 - -18).
-13
Calculate 4 - (25 + 1 + -23).
1
What is (3 - 5) + -20 + 0?
-22
Evaluate 48 + 22 + 2 + -38.
34
Calculate 1 + 0 - (-9 + -33 + 23 + -13).
33
What is the value of 44 + -53 - (0 - 25)?
16
-19 + (-1 + (5 - -1) - (3 - 2))
-15
-491 + 462 + (45 - -1)
17
Evaluate (-19 - -5 - -10) + 11 + -11.
-4
Calculate 14 + -10 + -13 + 7.
-2
What is (-6 - 0) + (-1 - -15)?
8
(-2 + 1 - 2) + 3 + (1 - 3)
-2
-1 - 13 - ((-1 - 2) + (-2 - -5))
-14
What is the value of 2 + (6 - 1) - (3 + -9 + 12)?
1
Evaluate (-22 - -20 - -15) + 1.
14
Evaluate 669 + -628 - (-2 - -80).
-37
347 + -352 - (13 + -5)
-13
Evaluate -6 + -11 + 5 + 2 + 12.
2
Evaluate -7 - (-5 - 10) - -13.
21
Calculate 4 - (-1 + 17 + -15) - -8.
11
Evaluate (9 - 2) + (-3 - 39) - (15 + -26).
-24
What is 7 + (29 - (30 + -10))?
16
What is the value of 11 - (-14 + (-4 - -24))?
5
What is the value of (-5 - 2) + 0 + -3 + 33 + -44?
-21
Calculate (3 - 8 - -3) + 0 + (14 - 20).
-8
Calculate 3 - ((-4 - -5) + -1) - 1 - 10.
-8
Calculate 1 + -8 - (5 - (-3 - -10) - 6).
1
(58 + -26 - 28) + (-3 - -1)
2
Evaluate 11 - (2 - (-13 + 13 + -2 + 5)).
12
-8 - (-1 - (16 - 11))
-2
What is the value of (-38 - -26) + 26 + -24?
-10
What is 25 - (14 + 0 + -12) - 13?
10
What is the value of 6 - (-1 - 5 - -14) - -10?
8
Calculate (8 - 11) + (18 - 8) - -8.
15
What is the value of -6 + 0 + 0 + -13 + -19 + 33?
-5
What is the value of (-28 - -28 - 17) + (-5 - -2)?
-20
Calculate 16 + (9 - (7 - -2)) + 7.
23
Evaluate -30 + 35 - 6 - (-9 + -3).
11
Calculate 39 + -3 + (-1 - 9).
26
(-2 + 1 - (-19 - -12)) + 2
8
What is the value of 10 - (-5 - (-2 + 6 - (1 + 4)))?
14
What is -5 + (-9 - (-19 - 4))?
9
-5 + 5 + (6 - 8 - 4) + 1
-5
Evaluate 13 + 8 - (10 - 3) - 8.
6
What is the value of 25 + -31 + (-3 - (1 + -3 - 4))?
-3
What is the value of -107 + 93 + (0 - (6 + 3))?
-23
What is -11 - -2 - (9 + 0 - 16 - 7)?
5
Calculate 7 + -7 - -1 - 7.
-6
Calculate (22 + -14 - (-5 + 1)) + 0 + 0.
12
(0 + -1 - (-4 - -2)) + -7 + 2
-4
Calculate 0 - 7 - (-6 - (6 - 5)).
0
Evaluate 0 + -1 + (-5 - -4) - (-11 - 1).
10
What is the value of (12 - (20 - -5)) + (-11 - 2)?
-26
Evaluate 8 + (0 - 35 - -13).
-14
Calculate (-8 - (5 + -19)) + 6 + -2 + -15.
-5
What is the value of 7 + 28 + -21 - 5?
9
Evaluate -26 + (1 - (3 - (9 - (-1 + 2)))).
-20
What is (5 - -2) + -38 - -18?
-13
Calculate (-16 - (-28 + 7 + 7)) + 33.
31
Calculate 27 + -22 + 16 + -43.
-22
Evaluate 23 + 23 + -18 + -15.
13
Calculate 1 + (14 - 9) + -10 + 25.
21
Evaluate 5 - (-2 - 26) - (-56 + 68).
21
Evaluate -11 + 47 + -23 + 6.
19
Evaluate -13 - -1 - (-9 - 2).
-1
Evaluate -1162 + 1181 + 7 + (-1 - -2).
27
What is 4 + (-8 - (-4 + -3 - 3))?
6
Calculate (-11 - 3) + 85 + -74.
-3
What is -126 + 111 + (3 - -9)?
-3
Calculate -27 + (16 - 4) - -21.
6
Calculate -2 + (31 - -1) - ((-1 - 22) + 24).
29
Calculate -19 + (30 - 13) + -2.
-4
What is -1 - (-7 - (-7 + 3 + -4))?
-2
What is the value of -38 + 25 - (1 + 8) - -11?
-11
2 - 6 - (-57 - -47)
6
What is (44 - 37) + (-3 - (-7 + -3 + 7))?
7
What is the value of (-3 - -40) + -12 + -30?
-5
Evaluate -7 + 12 + -6 + 8 + -27.
-20
What is -68 - -63 - (-20 + (5 - 8))?
18
What is 37 - (23 - -1) - (1 - -1 - -3)?
8
What is (65 - 64) + 23 + 3 + -3?
24
What is the value of -24 + 2 + 32 + -2 + -9?
-1
What is the value of (1 - (0 - 2) - 0) + (-190 - -175)?
-12
What is the value of 29 - (-21 + 18 + 19)?
13
Calculate 0 + -1 + -4 + 3 - (5 - 19).
12
What is -10 + -4 + (-4 - -25)?
7
11 - (-9 - -4) - 12 - (-1 - -3)
2
(1 - 11) + (48 - 64) - -7
-19
What is the value of -1 + -2 + (18 - 21) - (-2 - 9)?
5
What is the value of -1 - 19 - ((38 - 15) + -11 + -10)?
-22
What is the value of -7 + (32 - 8) + -5?
12
69 + -75 + 0 + (1 - -15) + 4
14
What is -1 + -23 + 8 + 2 + -9 + 4?
-19
What is the value of -22 + (-28 - -25) + 45?
20
Evaluate 9 + (4 - 10 - -3 - 21).
-15
What is -5 - 4 - (0 + (-17 - -11) - 1)?
-2
3 + -12 + 27 - 26
-8
Evaluate 7 + (8 - (0 + -6 + 6 - -7)).
8
What is 12 + -1 + (-68 - -18) + 53?
14
What is the value of (1 - -4) + (7 - 10) + -2 + 0?
0
What is (18 - 37) + (-5 - -13)?
-11
1 + 8 - (59 + -79 + 26)
3
Evaluate 3 + (-9 - (-7 + 5)) - 7.
-11
What is (1 + -9 - 1) + (-250 - -242)?
-17
Evaluate 52 - (-28 + 86 + -28).
22
What is the value of (1 + 6 - (-3 - (-14 - 3))) + 1?
-6
What is the value of (16 - 1) + -12 + -1 + 26 - -2?
30
0 - ((19 - 3) + -5 + -3)
-8
(-10 - -6) + (2 - -1 - 9) - -6
-4
Calculate -110 + 123 + (6 - 32).
-13
-23 - (-67 + 63 + (-4 - -1))
-16
-1 - (-18 + 19 + (-3 - 7) + -19)
27
Evaluate 2 - (-17 - -16 - (5 - -2)).
10
Calculate (-4 - 3) + -8 + 6 + 9 - -13.
13
Evaluate -17 - (12 + (-6 - 11) - 4).
-8
-21 - (-8 + -25 - -10)
2
Calculate (0 - 50) + (-12 + 36 - (6 + 8)).
-40
What is 0 + -14 - (-19 + 5)?
0
What is the value of (-7 - (0 + -5 + -3 - -6)) + 4?
-1
What is the value of (-1 - 2) + -1 - (42 - 29)?
-17
Calculate (5 + -31 - -11) + 21 + (0 - -10).
16
Evaluate 6 - 1 - 11 - (9 - 21).
6
What is 5 + (45 - 2) + -7 - (-9 + 18)?
32
-10 + (-6 - -3) + -3
-16
Evaluate 2 - -12 - (-12 - -19).
7
What is (-1 - (-3 - -1)) + (120 - 132) - -3?
-8
What is the value of 2 + -5 + -10 - -7 - (-14 + -2)?
10
What is the value of -12 - ((-44 - -34) + -19)?
17
Calculate (6 - 5) + (0 - 1 - (14 + -14)).
0
Evaluate (-13 - -23) + -7 + (-16 - 21).
-34
(1 - 1) + (-45 - -40) - -3
-2
Calculate 19 + 1 - (1280 + -1248).
-12
Calculate -1 + -22 - (-10 + -19 + 23).
-17
Evaluate 640 + -611 - (46 + 0).
-17
-15 - (-12 - (26 + -3))
20
What is the value of 10 + -7 + -9 - (-5 - 0)?
-1
Calculate -27 + 36 - (-5 + (1 - -5)).
8
Calculate 15 + (7 - -2 - 7) + (7 - 9).
15
What is (-15 - -2) + 12 + -10 + -6 + -2?
-19
Evaluate 5 + -29 + 59 + -23.
12
What is the value of (-26 - -21 - (1 - -2)) + 4?
-4
Evaluate -1 + 75 + -60 - (-1 - 14).
29
Evaluate (4 - (6 + -4) - 4) + -6 + 11.
3
(27 - 2) + -20 + 4 + 5 + 6
20
What is (-4 - (0 + -7) - (3 - 6)) + 1?
7
Evaluate 11 + (-8 - 10) - -12 - 8.
-3
Evaluate 6 + 3 + (-6 - (-3 + 2 + 8)).
-4
Evaluate -41 + 48 - (-11 + 1) - -13.
30
What is -11 - ((-51 - 22) + 33)?
29
Calculate 22 + -16 + 12 + -6 + 1.
13
What is -13 - (-27 + 12 - -9)?
-7
What is the value of -5 + -1 + 25 + -2 + (4 - 10)?
11
Evaluate 0 - 7 - ((-1 - -15) + -136 + 130).
-15
What is -7 + 0 - (-78 - (-79 - -15))?
7
Calculate 13 + (-9 - 5) - 4.
-5
What is the value of 11 + 5 + -25 + 17?
8
What is the value of (-111 - -102) + -1 + 16?
6
What is (-10 - (10 - 0) - -12) + -5?
-13
What is -11 - (-11 + -14 + 20)?
-6
What is the value of 7 - ((5 - 8) + 4) - (-12 - -46)?
-28
What is the value of -18 + (-9 - (-43 + 8))?
8
7 - (19 - (-17 - -14))
-15
-12 + 0 - (-3 + 11 - 16) - -28
24
(25 - 23 - 40) + 23
-15
Calculate -7 - (16 - 3 - (-14 - -26)).
-8
Evaluate 12 + (6 + -2 - (1 - 0 - -1)).
14
What is (8 + -30 - -80) + -32?
26
What is -7 + 0 + -2 + (29 - (-19 - -39))?
0
What is -33 + -11 + -2 + 67?
21
What is the value of 2 + 8 + (-12 - -6 - -26 - 10)?
20
16 + (2 - (-7 + 10 + -7) - 8)
14
Calculate 5 - (7 - (18 - 12)).
4
What is (8 - (11 + -10 + 2)) + -17 + -1?
-13
Calculate (-3 - (-3 - (-7 - -12))) + 1.
6
9 - (-6 + (-11 + 3 - -36))
-13
(4 - (10 + 1 + -21)) + 1
15
Calculate (0 - -1) + 1 + 10 + (21 - 30).
3
What is the value of -32 - (1 - (23 + -14)) - -9?
-15
Evaluate 8 + (-16 - 0) + -79 + 76.
-11
Evaluate -1 + -7 + (6 + -19 + 8 - 15).
-28
Calculate (15 - -5) + (-6 - 0) + -4.
10
What is the value of -4 + 2 + -5 + -2 + 3 + -2?
-8
What is the value of -2 + -3 - (-10 - (-19 - -1))?
-13
8 + ((5 - 9) + 3 + 4 - -1)
12
What is the value of 25 + (-3 + -16 - -32 - 4)?
34
What is (-2 - (0 + 2 - (-44 + 27))) + 1?
-20
-9 + -2